 7
List the prime factors of 573.
3, 191
List the prime factors of 47977.
47977
List the prime factors of 36601.
17, 2153
List the prime factors of 153.
3, 17
List the prime factors of 1881.
3, 11, 19
What are the prime factors of 711?
3, 79
What are the prime factors of 3017?
7, 431
List the prime factors of 43994.
2, 21997
What are the prime factors of 23486?
2, 11743
List the prime factors of 4049.
4049
What are the prime factors of 141809?
109, 1301
What are the prime factors of 1241?
17, 73
What are the prime factors of 26595?
3, 5, 197
What are the prime factors of 94045?
5, 7, 2687
List the prime factors of 35713.
71, 503
List the prime factors of 3764.
2, 941
List the prime factors of 136309.
136309
What are the prime factors of 6220?
2, 5, 311
List the prime factors of 1779.
3, 593
List the prime factors of 406.
2, 7, 29
What are the prime factors of 823?
823
What are the prime factors of 348?
2, 3, 29
List the prime factors of 6844.
2, 29, 59
List the prime factors of 5208.
2, 3, 7, 31
What are the prime factors of 1084?
2, 271
What are the prime factors of 7779?
3, 2593
List the prime factors of 753.
3, 251
What are the prime factors of 995?
5, 199
What are the prime factors of 132419?
7, 18917
List the prime factors of 958.
2, 479
List the prime factors of 95943.
3, 31981
List the prime factors of 79771.
241, 331
List the prime factors of 60358.
2, 103, 293
What are the prime factors of 3270?
2, 3, 5, 109
List the prime factors of 17756.
2, 23, 193
What are the prime factors of 5515?
5, 1103
What are the prime factors of 21681?
3, 11, 73
List the prime factors of 1666.
2, 7, 17
What are the prime factors of 102?
2, 3, 17
What are the prime factors of 39490?
2, 5, 11, 359
What are the prime factors of 41766?
2, 3, 6961
List the prime factors of 16459.
109, 151
What are the prime factors of 12760?
2, 5, 11, 29
What are the prime factors of 8263?
8263
List the prime factors of 3338.
2, 1669
List the prime factors of 5029.
47, 107
What are the prime factors of 3764?
2, 941
What are the prime factors of 8134?
2, 7, 83
What are the prime factors of 2622?
2, 3, 19, 23
What are the prime factors of 135342?
2, 3, 73, 103
What are the prime factors of 3341?
13, 257
List the prime factors of 912.
2, 3, 19
What are the prime factors of 3116?
2, 19, 41
What are the prime factors of 21870?
2, 3, 5
What are the prime factors of 40415?
5, 59, 137
List the prime factors of 59046.
2, 3, 13, 757
List the prime factors of 2878.
2, 1439
List the prime factors of 6601.
7, 23, 41
What are the prime factors of 1051?
1051
What are the prime factors of 3827?
43, 89
What are the prime factors of 14919?
3, 4973
List the prime factors of 10830.
2, 3, 5, 19
What are the prime factors of 52713?
3, 5857
What are the prime factors of 2422?
2, 7, 173
What are the prime factors of 3098?
2, 1549
List the prime factors of 3036.
2, 3, 11, 23
What are the prime factors of 8141?
7, 1163
What are the prime factors of 55702?
2, 27851
List the prime factors of 15499.
11, 1409
What are the prime factors of 30760?
2, 5, 769
List the prime factors of 4377.
3, 1459
What are the prime factors of 3046?
2, 1523
What are the prime factors of 1754?
2, 877
What are the prime factors of 4229?
4229
List the prime factors of 44512.
2, 13, 107
List the prime factors of 208.
2, 13
What are the prime factors of 8510?
2, 5, 23, 37
List the prime factors of 55373.
55373
What are the prime factors of 2492?
2, 7, 89
What are the prime factors of 4361?
7, 89
List the prime factors of 3846.
2, 3, 641
What are the prime factors of 13?
13
What are the prime factors of 578?
2, 17
What are the prime factors of 4242?
2, 3, 7, 101
What are the prime factors of 2639?
7, 13, 29
List the prime factors of 2257.
37, 61
What are the prime factors of 95555?
5, 29, 659
What are the prime factors of 6313?
59, 107
List the prime factors of 39382.
2, 7, 29, 97
What are the prime factors of 9165?
3, 5, 13, 47
What are the prime factors of 81645?
3, 5, 5443
What are the prime factors of 145006?
2, 72503
What are the prime factors of 99355?
5, 31, 641
List the prime factors of 2035.
5, 11, 37
List the prime factors of 100325.
5, 4013
What are the prime factors of 17313?
3, 29, 199
List the prime factors of 2968.
2, 7, 53
List the prime factors of 1570.
2, 5, 157
What are the prime factors of 947?
947
List the prime factors of 9719.
9719
List the prime factors of 62741.
7, 8963
List the prime factors of 16240.
2, 5, 7, 29
List the prime factors of 847.
7, 11
What are the prime factors of 4014?
2, 3, 223
List the prime factors of 2961.
3, 7, 47
List the prime factors of 5.
5
List the prime factors of 16979.
16979
What are the prime factors of 5988?
2, 3, 499
List the prime factors of 1752.
2, 3, 73
What are the prime factors of 1353?
3, 11, 41
What are the prime factors of 1156?
2, 17
What are the prime factors of 7931?
7, 11, 103
List the prime factors of 2538.
2, 3, 47
List the prime factors of 16832.
2, 263
List the prime factors of 1408.
2, 11
What are the prime factors of 873?
3, 97
What are the prime factors of 1041?
3, 347
List the prime factors of 513.
3, 19
List the prime factors of 79595.
5, 15919
What are the prime factors of 1655?
5, 331
What are the prime factors of 194798?
2, 173, 563
What are the prime factors of 763?
7, 109
List the prime factors of 2498.
2, 1249
What are the prime factors of 8450?
2, 5, 13
List the prime factors of 55914.
2, 3, 9319
List the prime factors of 2243.
2243
What are the prime factors of 1049?
1049
What are the prime factors of 14430?
2, 3, 5, 13, 37
List the prime factors of 17773.
7, 2539
What are the prime factors of 692?
2, 173
What are the prime factors of 35814?
2, 3, 47, 127
What are the prime factors of 30305?
5, 11, 19, 29
What are the prime factors of 1968?
2, 3, 41
What are the prime factors of 3144?
2, 3, 131
What are the prime factors of 1329?
3, 443
What are the prime factors of 1065?
3, 5, 71
What are the prime factors of 21109?
11, 19, 101
List the prime factors of 36356.
2, 61, 149
What are the prime factors of 13328?
2, 7, 17
List the prime factors of 14034.
2, 3, 2339
What are the prime factors of 76046?
2, 47, 809
List the prime factors of 6150.
2, 3, 5, 41
List the prime factors of 4391.
4391
List the prime factors of 16473.
3, 17, 19
List the prime factors of 4938.
2, 3, 823
List the prime factors of 43753.
43753
List the prime factors of 11707.
23, 509
List the prime factors of 2896.
2, 181
List the prime factors of 6737.
6737
List the prime factors of 17032.
2, 2129
What are the prime factors of 1256?
2, 157
What are the prime factors of 5880?
2, 3, 5, 7
What are the prime factors of 947?
947
What are the prime factors of 1889?
1889
What are the prime factors of 132615?
3, 5, 7, 421
What are the prime factors of 82406?
2, 41203
What are the prime factors of 7303?
67, 109
List the prime factors of 4940.
2, 5, 13, 19
What are the prime factors of 48396?
2, 3, 37, 109
List the prime factors of 520.
2, 5, 13
What are the prime factors of 4099?
4099
List the prime factors of 59239.
59239
What are the prime factors of 2530?
2, 5, 11, 23
List the prime factors of 1435.
5, 7, 41
What are the prime factors of 5807?
5807
What are the prime factors of 607?
607
List the prime factors of 2038.
2, 1019
List the prime factors of 11892.
2, 3, 991
List the prime factors of 133108.
2, 107, 311
What are the prime factors of 16424?
2, 2053
List the prime factors of 2878.
2, 1439
List the prime factors of 199912.
2, 24989
List the prime factors of 47086.
2, 13, 1811
What are the prime factors of 8016?
2, 3, 167
List the prime factors of 16789.
103, 163
What are the prime factors of 15752?
2, 11, 179
What are the prime factors of 1401?
3, 467
List the prime factors of 306.
2, 3, 17
List the prime factors of 5024.
2, 157
List the prime factors of 1381.
1381
What are the prime factors of 6970?
2, 5, 17, 41
What are the prime factors of 3724?
2, 7, 19
What are the prime factors of 1241?
17, 73
What are the prime factors of 45358?
2, 22679
What are the prime factors of 904?
2, 113
What are the prime factors of 550?
2, 5, 11
List the prime factors of 3047.
11, 277
List the prime factors of 38901.
3, 12967
List the prime factors of 849.
3, 283
What are the prime factors o